f -14 + (27 - (-57 - 8 - -17))?
61
Calculate (50 - (66 - -57)) + 127.
54
What is 150 - (-131 + 176 + 32)?
73
What is the value of 41 + -107 - (-30 - 14)?
-22
What is the value of -14 - (39 - 55) - (-2 + -2 - 89)?
95
-41 - (-12 + (7 + -11 + -10 - -11))
-26
What is the value of (-20 - -1) + -24 + (-52 - -112)?
17
4 + (-24 - (-67 + (22 - 2)))
27
What is the value of -28 + (13 - (-3 - -9)) - (-3 + 4 - -7)?
-29
(-26 - -129) + (13 - 62)
54
Calculate (-28 - -29 - 10) + -2 + 2 + -2 + 121.
110
What is the value of -11 + (-20 - (-2 + -23) - 15) + 43?
22
Evaluate 6757 - 6728 - (3 + -5 + -17).
48
Evaluate (32 - -1) + (-769 - -689).
-47
0 + 6 - 12 - -9 - (-6 + 27)
-18
What is the value of -20 + (-17 - -13) - (42 + -101)?
35
What is -14 - ((19 - (-1 - -2)) + -124 + 113)?
-21
Evaluate 94 + (-5 - -12) + -86 + 68.
83
What is the value of (-4 - (-20 + 40)) + 69?
45
Calculate (33 - (68 + -6)) + 23 + -5.
-11
What is -4 - -1 - (25 + (-26 - -16) + 39)?
-57
Calculate 0 + 3 - (36 - (17 + 17)).
1
Calculate 9 + -11 + 8 + -6 + 0 + (-7 - 33).
-40
Evaluate 17 + (19 - 17) - (-12 + -10).
41
What is the value of (-81 - 9) + (7 - -43)?
-40
Calculate -66 - ((-40 - -86) + -153).
41
(-46 - -28) + 20 + -3 + -5
-6
What is the value of (-32 - -43 - (-31 - -34)) + 77?
85
What is the value of 96 + (-328 - -86) + 82?
-64
Evaluate -13 + 0 + -225 + 208 - -75.
45
Calculate 18 + 60 + 11 - 128.
-39
Calculate -11 + (6 - (2 - -6) - (19 + -18)).
-14
(-45 + (1 - 1) - 1) + 537 + -260 + -271
-40
Calculate 11 - ((3 - 0) + 16 + (17 - 14) + 91).
-102
Calculate 5 + 97 + (-15 - 6 - -8).
89
26 - 307 - -290 - (6 + 0 + -1)
4
(6 - (22 + -7)) + -37 + -48 + 34
-60
-10 + -13 + -4 + (68 - 54)
-13
What is -13 + (-5 + (3 - -6) + -3 - -1)?
-11
Evaluate 12 + -172 + 89 + 51.
-20
Calculate 54 + 10 - 56 - 11.
-3
What is -34 + 33 + 8 + -1 + (27 - (-16 - -10))?
39
What is the value of -125 - (8 - (228 - 52))?
43
What is -11 - 8 - -12 - (-1 - (3 - -6) - 96)?
99
Calculate 20 - 21 - (-1 - -10) - (-2 - 2).
-6
What is the value of 195 - (273 + -139) - 30?
31
What is (-12 - -1) + (-2 - -2) + 18 + -4 - 82?
-79
What is the value of (-56 - 1 - (-4 - ((25 - 16) + -6))) + 3?
-47
What is -23 - (52 - -18 - 54)?
-39
What is (-25 - (-14 - (-11 + 15))) + -26?
-33
Calculate 53 + 23 + -99 + -70.
-93
Calculate 12 + 29 + -17 + 10 - (-4 + 4).
34
What is -14 + -2 + 18 + -15 + 0 + 12 + -5?
-6
What is the value of 5 + 7 + 80 + -31 + 2 + -13 + 2?
52
What is the value of 8 + -58 + 59 + 17?
26
(1 + -13 - (649 - 640)) + 2 + 0
-19
What is (-107 - (-109 + -30)) + (1 - (-3 - -3) - 15)?
18
Calculate 11 + (3 - (12 + 5 + -5)).
2
Calculate (5 - -30 - 45) + -116.
-126
What is (4 + 16 - 24) + 20 + 11?
27
2 - (25 + 4 + -4) - (-8 + 23 + -5)
-33
What is -138 - -109 - -49 - -102?
122
13 - (-2 + (-44 - -40))
19
What is the value of 4 - 9 - -40 - (-1817 + 1800)?
52
-19 - (-12 + 47 + -49 + 56)
-61
(65 - (16 - 41) - -42) + -19
113
(-15 - (0 + (-7 - -5))) + -35 + 15
-33
80 - ((-34 - -30) + 56 + -22)
50
Evaluate 9 + 4 - (34 + (-52 - -35)).
-4
(-1886 - -1868 - (90 + 2 - 0)) + (2 - 14)
-122
What is the value of (1 - (-2 + 7)) + 54 + -270 + 283?
63
What is -33 + (3 - 3 - 5)?
-38
What is the value of (-102 - -57) + 0 + 4?
-41
Calculate (89 + -40 - 57) + (32 - 0).
24
2 + 0 - (172 - (26 - -137)) - (0 + -59)
52
Evaluate 0 + -7 + 43 - (8 - 1 - (-11 - -24)).
42
Calculate (5 + -2 + 6 + -18 + 20 - -10) + -10.
11
Evaluate 50 - 4 - ((-25 - -12) + 44 + -11 + -8).
34
What is the value of -778 + 787 + (88 - 0)?
97
-35 + 3 + 108 - 52
24
Calculate -23 - (-42 - (47 - 31)).
35
Calculate 37 - 39 - (148 - 152 - (-2 + -1 + 2)).
1
What is the value of 40 + (8 - ((14 - 12) + 3 + (-1 - 7)))?
51
What is the value of -30 - -30 - -146 - 81?
65
Evaluate 6 - -57 - 68 - (-9 - (-6 + (3 - 0))).
1
-30 + -6 + (91 - 19)
36
What is 17 + 12 + (-25 - 0) - (3 + (-67 - -4))?
64
What is 8 + (-46 - (81 + -41))?
-78
What is the value of 215 + 138 + -364 - (-1 + 0 + 43)?
-53
-72 + -40 + (-1 - -15) - -25
-73
What is 9 + -15 - -15 - ((8 - 19) + 50)?
-30
Evaluate 5 + (13 - 39 - 24).
-45
What is the value of 32 - (3 + 2 - (46 + -50))?
23
What is 4 + (-4 + 2 - 0) + 678 + -629?
51
What is (136 + -357 - -125) + 124?
28
Evaluate (34 + -14 - -20) + 31 - -36.
107
What is -57 - (13 + -13 - 8)?
-49
Calculate 8 + -20 - (-12 + 45 + (20 - 13)).
-52
What is the value of (143 - 253) + 134 + (-52 - -2)?
-26
Calculate 86 + -80 - (1 + 7 + -3) - 6.
-5
Evaluate (7 - (9 - 31 - -19)) + 4 + -2 + -1.
11
What is -171 + (-91 - -227) - 76?
-111
What is the value of 157 + 262 + -399 - (0 + -33)?
53
(-6 - (0 - 0)) + (10589 - 10548)
35
(-3 - -31) + -111 + 92
9
Calculate -3 + -17 + 17 + 27 - (-3 - 1).
28
What is (47 + 44 - 52) + 16 + -3?
52
Evaluate (125 - 90) + 72 + -29 + -1.
77
(57 - (56 - -83)) + 31
-51
-36 - (58 - 37) - (1 + -29)
-29
Evaluate 22 + (34 - 24) + 20 + -3 + 20.
69
What is (-351 + 364 - (0 - -35)) + (-5 - 0)?
-27
What is (1 - 5) + -19 - (78 - 100)?
-1
80 - 5 - -9 - (-9 - -21 - 5)
77
Evaluate -5 + (-1 - -37 - (159 + -140)).
12
69 - 85 - (100 + -53 - (5 - -1))
-57
Calculate -124 + (77 - 76) + 71.
-52
25 + -2 + (-22 - 2 - -12)
11
Calculate (-351 - -323) + (-2 + -3 - -32).
-1
What is 983 + -1018 - (-1 + (-13 - 0) + -2)?
-19
Calculate 51 - 0 - (-1920 + 1957).
14
What is -6 + 7 - -11 - (-2 + (15 - 18))?
17
What is the value of 31 + ((15 - 11) + -12 - 0) + -6 + 27?
44
Calculate -51 + 50 + ((10 - 7) + 36 - 3).
35
Evaluate 64 + (-76 - -10) - 10.
-12
What is the value of 8 + (15 - 37) + -8 + -20?
-42
What is (17 - (-14 + 30 + -22)) + -16 + -60?
-53
What is 17 - 49 - (-63 + 14)?
17
-3 + (-9 - -2) + (-359 - -371)
2
Calculate -22 - (-66 - 6 - -97).
-47
97 + (17 + -56 - 20)
38
-4 + (-26 - -11) + 37
18
-12 + 5 + 6 + -16 - -57 - -4
44
Calculate -6 - (544 + -602 - (1 + 0 + 2)).
55
What is the value of -1 + 1 + (16 - (69 - 27 - 3))?
-23
What is the value of (79 - 46) + (3 + -53 - 10)?
-27
Calculate -5 - (-4 + 2) - (-86 + 164 + -80).
-1
(32 - 30) + (112 + 7 + -7 - 4) + -9
101
-50 + 0 + (-41 - -33) + 2 + 17
-39
Evaluate 3718 - 3689 - (64 - -1).
-36
1000 + -978 - (0 - 15) - 95
-58
Calculate 86 - (19 + -38) - 192.
-87
Calculate 90 + (37 - 33 - (1 + 20 - 5 - -1)).
77
What is -2 + -48 - (-163 + -95 - -220)?
-12
What is (-5 + 5 - 2) + 19 + (-16 - -13) + -3?
11
Evaluate 49 + (30 + -5 + 2 - (118 + -95)).
53
What is 1 + -22 - (117 - (105 + -46))?
-79
What is the value of 27 + (13 + -8 + -16 - 4) + (-2 - 81)?
-71
(1 - 3) + (20 - (-11 - -30) - -3)
2
What is the value of (-12 - (-3 + 5) - (64 + -76)) + 13?
11
Evaluate -3 + 26 + (1010 - 1058).
-25
Evaluate (35 - 88) + (23 + -13 - 42).
-85
What is -7 + (-7 - -52) - (28 - (0 + 7 - -10))?
27
Evaluate 0 + -82 + (14 - (-6 + 27)) + 21.
-68
Evaluate -68 - (-4 - (-5 - -6)) - (-301 - -287).
-49
What is the value of -43 + -4 - (-5 + -49 + 20)?
-13
Evaluate -69 - (58 + -54 - 96).
23
Evaluate (-9 - -2) + 6 + -20 + 95 + -88.
-14
Evaluate 4 + (-22 + 40 - (-12 - 2)).
36
Evaluate 76 + -5 - ((26 - 51) + 45).
51
Calculate 7 + -15 - -1 - (43 + 3 + -3) - 7.
-57
Evaluate 14 + -7 + -22 + (-10 + 113 - 16).
72
What is -17 + -37 + 9 + 160 + (23 - -1)?
139
Evaluate 8 + -53 + (-39 - -118).
34
(1 - 0) + 3 + -2 + (-34 - (1 - 95))
62
Calculate 5 + -6 + -33 + -3 + 13 + -6.
-30
Calculate 1 + 2 + (148 - 114) + 52.
89
Calculate -2 - (35 - 9) - -22 - 1.
-7
What is the value of (-12 + 16 - (-20 + 25 - (0 - -1))) + 0?
0
What is -16 + 23 + -29 + (46 - -95)?
119
Evaluate 19 + 0 - (564 + -539).
-6
Evaluate -1 - -1 - (-34 + 22 + 0 - (0 + -55)).
-43
9 + 10 + 40 + -155 + (28 - 29)
-97
What is 46 + -24 - (-13 + (-1 - 1))?
37
What is 579 + -590 - ((-4 - (-1 - 2)) + 54)?
-64
9 - ((-12 - -16) + -11 - (-41 - 1))
-26
Evaluate 19 + -37 + 14 + 19 + -6.
9
Evaluate (-1 + 16 - (-141 + 5 - 7)) + -16.
142
Evaluate 4 + 18 + 40 + -26 + -16.
20
-96 - (-118 - (-125 - -64))
-39
Evaluate 1 - (5 + -10) - (8 + -3 - 11).
12
Calculate 20 - (11 + (48 - (35 - -6))).
2
-35 + 36 - (2 + 0 + -16 + 44)
-29
What is -92 - 0 - (12742 + -12738)?
-96
-31 + 1 + (1186 - 1180) + -51
-75
141 - (176 + -55) - (-2 + 66)
-44
Calculate -6 + 0 + 1 - (-96 - -103).
-12
What is (-14 - ((6 - 14) + (5 - 0))) + 23 + -31?
-19
Evaluate (-134 - (124 - 357)) + -8 + (2 - 0).
93
Calculate 6 + -7 + -2 + 22 + 12 + -12.
19
Evaluate (11 - (-46 + 21 + 18)) + 4 + -19.
3
Evaluate (1 + 13 - ((-29 - -20) + 18